{"id":65,"date":"2025-12-05T13:42:06","date_gmt":"2025-12-05T13:42:06","guid":{"rendered":"https:\/\/www.formagrilandes.com\/arboretum\/mon-compte\/"},"modified":"2025-12-07T18:30:49","modified_gmt":"2025-12-07T18:30:49","slug":"mon-compte","status":"publish","type":"page","link":"https:\/\/www.formagrilandes.com\/arboretum\/mon-compte\/","title":{"rendered":"Pluridisciplinarit\u00e9"},"content":{"rendered":"\n<blockquote class=\"wp-block-quote is-layout-flow wp-block-quote-is-layout-flow\">\n<p>L\u2019arboretum du lyc\u00e9e a \u00e9t\u00e9 r\u00e9alis\u00e9 depuis de nombreuses ann\u00e9es mais les arbres remarquables ne sont pas identifi\u00e9s et g\u00e9olocalis\u00e9s.<br>Comme nous l\u2019avons fait pour le Bassecq, le but est de cr\u00e9er un site qui renseigne sur les arbres. Chaque arbre aura un QR Code.<br>Nous travaillerons en collaboration avec les secondes professionnelles du CFAAH sur les parties techniques d\u2019information des arbres.<\/p>\n\n\n\n<p>Pour cette ann\u00e9e l\u2019entr\u00e9e du lyc\u00e9e sera privil\u00e9gi\u00e9e, s\u2019il reste du temps on pourra faire le reste.<\/p>\n\n\n\n<p>Les enseignements concern\u00e9s de cette session de pluridisciplinarit\u00e9 en Bac Stav Am\u00e9nagement sont l&rsquo;informatique et les nouvelles technologies, la physique chimie et l&rsquo;am\u00e9nagement.<\/p>\n<\/blockquote>\n\n\n\n<h3 class=\"wp-block-heading\">S\u00e9ance du 14 novembre 2025 &#8211; 4H<\/h3>\n\n\n\n<p>Travail sur umap d\u2019openstreetmap 4h &#8211; https:\/\/umap.openstreetmap.fr\/fr\/<br>D\u00e9couverte de l&rsquo;outil, cr\u00e9er une carte, \u00e9tiquette.<\/p>\n\n\n\n<p>Pr\u00e9paration de modification des calques (couches) . Choix du style des \u00e9l\u00e9ments. Nous avons choisi de num\u00e9roter chaque arbre mais sur umap ce n&rsquo;est pas automatique. On peut mettre un popup mais pas de num\u00e9ro sur le point. Nous avons opt\u00e9 pour mettre en popup le nom de l&rsquo;arbre en survol. Pour la num\u00e9rotation, du travail manuel point par point dans la propri\u00e9t\u00e9 de l&rsquo;\u00e9l\u00e9ment : Propri\u00e9t\u00e9 de la forme, image de l&rsquo;ic\u00f4ne &#8211; D\u00e9finir- Emoji et texte : on met le num\u00e9ro manuellement. Puis nous avons cr\u00e9\u00e9 un compte openstreetmap arboretum.<br><\/p>\n\n\n\n<h3 class=\"wp-block-heading\">S\u00e9ance du 21 novembre 2025 &#8211; 4H<\/h3>\n\n\n\n<p><br>Document et lecture<br>Affecter les groupes de zone aux groupes GPS : mettre les noms<br>Tuto rappel de l\u2019utilisation de la canne RTK<\/p>\n\n\n\n<p>Pr\u00e9parer qui tient la canne, qui tient la tablette, qui marque les informations des arbres<\/p>\n\n\n\n<div class=\"wp-block-columns is-layout-flex wp-container-core-columns-is-layout-28f84493 wp-block-columns-is-layout-flex\">\n<div class=\"wp-block-column is-layout-flow wp-block-column-is-layout-flow\">\n<figure class=\"wp-block-image size-full\"><img loading=\"lazy\" decoding=\"async\" width=\"567\" height=\"700\" src=\"https:\/\/www.formagrilandes.com\/arboretum\/wp-content\/uploads\/2025\/12\/GROUPES.png\" alt=\"\" class=\"wp-image-282\" srcset=\"https:\/\/www.formagrilandes.com\/arboretum\/wp-content\/uploads\/2025\/12\/GROUPES.png 567w, https:\/\/www.formagrilandes.com\/arboretum\/wp-content\/uploads\/2025\/12\/GROUPES-243x300.png 243w\" sizes=\"auto, (max-width: 567px) 100vw, 567px\" \/><\/figure>\n<\/div>\n\n\n\n<div class=\"wp-block-column is-layout-flow wp-block-column-is-layout-flow\">\n<figure class=\"wp-block-table\"><table class=\"has-fixed-layout\"><tbody><tr><td><strong>num\u00e9ro<\/strong><\/td><td><strong>Noms<\/strong><\/td><\/tr><tr><td><strong>1<\/strong><\/td><td>Jacob et Louis et Jean-Baptiste &nbsp;<\/td><\/tr><tr><td><strong>2<\/strong><\/td><td>Cl\u00e9ment et Axel &nbsp;<\/td><\/tr><tr><td><strong>3<\/strong><\/td><td>Mattin et Emile &nbsp;<\/td><\/tr><tr><td><strong>4<\/strong><\/td><td>Math\u00e9o et Ana\u00efs &nbsp;<\/td><\/tr><tr><td><strong>5<\/strong><\/td><td>Mathias et Baptiste &nbsp;<\/td><\/tr><\/tbody><\/table><\/figure>\n<\/div>\n<\/div>\n\n\n\n<h3 class=\"wp-block-heading\">S\u00e9ance du 28 novembre 2025 &#8211; 2H<\/h3>\n\n\n\n<p>Travail sur le site internet, choix du template et des pages. Site wordpress sur serveur O2switch .<\/p>\n\n\n\n<h3 class=\"wp-block-heading\">S\u00e9ance du 5 d\u00e9cembre 2025 &#8211; 4H<\/h3>\n\n\n\n<ul class=\"wp-block-list\">\n<li>Les diff\u00e9rents groupes se sont s\u00e9par\u00e9s, certains ont travaill\u00e9 la carte globale telle qu&rsquo;elle est aujourd&rsquo;hui, d&rsquo;autres ont continu\u00e9 de travaill\u00e9 sur le relev\u00e9 des arbres du site (couche cours et carr\u00e9 cfaah)<\/li>\n\n\n\n<li>3 \u00e9l\u00e8ves ont travaill\u00e9 sur la vid\u00e9o \u00e0 r\u00e9aliser sur l&rsquo;arboretum du Bassecq<\/li>\n\n\n\n<li>Les autres ont travaill\u00e9 avec les enseignantes pour am\u00e9liorer le site internet.<\/li>\n<\/ul>\n\n\n\n<h3 class=\"wp-block-heading\">S\u00e9ance du 12 d\u00e9cembre 2025 &#8211; 2H<\/h3>\n\n\n\n<p>Le site est termin\u00e9, place aux experts de seconde du CFAAH pour corriger notre base de donn\u00e9es et apporter les bons noms et caract\u00e9ristiques des arbres.<\/p>\n\n\n\n<h2 class=\"wp-block-heading\">Mat\u00e9riel utilis\u00e9<\/h2>\n\n\n\n<p>Utilisation des 5 cannes RTK Emlid<br>2 cannes emlid reach RX et 3 cannes Elmid RS<br>Annexe : utilisation des cannes RTK<\/p>\n\n\n\n<div data-wp-interactive=\"core\/file\" class=\"wp-block-file\"><object data-wp-bind--hidden=\"!state.hasPdfPreview\" hidden class=\"wp-block-file__embed\" data=\"https:\/\/www.formagrilandes.com\/arboretum\/wp-content\/uploads\/2025\/12\/utilisation-de-la-canne-RTK-emlid-rx-lycee.pdf\" type=\"application\/pdf\" style=\"width:100%;height:600px\" aria-label=\"Contenu embarqu\u00e9 utilisation de la canne RTK emlid rx lyc\u00e9e.\"><\/object><a id=\"wp-block-file--media-59e73e4f-b399-4935-8c4c-ab2c443934aa\" href=\"https:\/\/www.formagrilandes.com\/arboretum\/wp-content\/uploads\/2025\/12\/utilisation-de-la-canne-RTK-emlid-rx-lycee.pdf\">utilisation de la canne RTK emlid rx lyc\u00e9e<\/a><a href=\"https:\/\/www.formagrilandes.com\/arboretum\/wp-content\/uploads\/2025\/12\/utilisation-de-la-canne-RTK-emlid-rx-lycee.pdf\" class=\"wp-block-file__button wp-element-button\" download aria-describedby=\"wp-block-file--media-59e73e4f-b399-4935-8c4c-ab2c443934aa\">T\u00e9l\u00e9charger<\/a><\/div>\n\n\n\n<p>Pr\u00e9voir tenue de pluie et bottes en cas de mauvais temps<\/p>\n\n\n\n<h3 class=\"wp-block-heading\">Travail<\/h3>\n\n\n\n<p>Avec l\u2019application Emlid, faire les relev\u00e9s de point. Pour chaque arbre, bien v\u00e9rifier d\u2019\u00eatre en RTK (fix).<\/p>\n\n\n\n<p>Pour chaque point, par exemple le 1, associer le nom de l\u2019arbre en commentaire. Notez des caract\u00e9ristiques sur un document papier ou sur la tablette<\/p>\n\n\n\n<p>Vous pouvez vous servir de Plantnet ou d\u2019une autre application de reconnaissance.<\/p>\n\n\n\n<p>Si un groupe a termin\u00e9 plus t\u00f4t qu\u2019un autre (le professeur a r\u00e9alis\u00e9 un d\u00e9coupage mais il se peut que certains en ont plus \u00e0 faire), il doit aider les autres \u00e0 terminer.<\/p>\n\n\n\n\t\t<!-- MasterSlider -->\n\t\t<div id=\"P_MS69f85ad4c3eec\" class=\"master-slider-parent msl ms-parent-id-3\" style=\"max-width:800px;\">\n\n\t\t\t\n\t\t\t<!-- MasterSlider Main -->\n\t\t\t<div id=\"MS69f85ad4c3eec\" class=\"master-slider ms-skin-default\" >\n\t\t\t\t \t\t\t\t \n\t\t\t\t<div  class=\"ms-slide\" data-delay=\"3\" data-fill-mode=\"fill\"  >\n\t\t\t\t\t<img decoding=\"async\" src=\"https:\/\/www.formagrilandes.com\/arboretum\/wp-content\/plugins\/master-slider\/public\/assets\/css\/blank.gif\" alt=\"\" title=\"\" data-src=\"https:\/\/www.formagrilandes.com\/arboretum\/wp-content\/uploads\/2025\/12\/IMG-20251121-WA0019-1.jpg\" \/>\n\n\n\t<img decoding=\"async\" class=\"ms-thumb\" src=\"https:\/\/www.formagrilandes.com\/arboretum\/wp-content\/uploads\/2025\/12\/IMG-20251121-WA0019-1-140x80.jpg\" alt=\"\" \/>\n\t<div class=\"ms-thumb\" ><div class=\"ms-tab-context\"><div class=\"&quot;ms-tab-context&quot;\"><\/div><\/div>\n<\/div>\n\t\t\t\t<\/div>\n\t\t\t\t<div  class=\"ms-slide\" data-delay=\"3\" data-fill-mode=\"fill\"  >\n\t\t\t\t\t<img decoding=\"async\" src=\"https:\/\/www.formagrilandes.com\/arboretum\/wp-content\/plugins\/master-slider\/public\/assets\/css\/blank.gif\" alt=\"\" title=\"\" data-src=\"https:\/\/www.formagrilandes.com\/arboretum\/wp-content\/uploads\/2025\/12\/IMG-20251121-WA0016-2.jpg\" \/>\n\n\n\t<img decoding=\"async\" class=\"ms-thumb\" src=\"https:\/\/www.formagrilandes.com\/arboretum\/wp-content\/uploads\/2025\/12\/IMG-20251121-WA0016-2-140x80.jpg\" alt=\"\" \/>\n\t<div class=\"ms-thumb\" ><div class=\"ms-tab-context\"><div class=\"&quot;ms-tab-context&quot;\"><\/div><\/div>\n<\/div>\n\t\t\t\t<\/div>\n\t\t\t\t<div  class=\"ms-slide\" data-delay=\"3\" data-fill-mode=\"fill\"  >\n\t\t\t\t\t<img decoding=\"async\" src=\"https:\/\/www.formagrilandes.com\/arboretum\/wp-content\/plugins\/master-slider\/public\/assets\/css\/blank.gif\" alt=\"\" title=\"\" data-src=\"https:\/\/www.formagrilandes.com\/arboretum\/wp-content\/uploads\/2025\/12\/IMG-20251121-WA0014-1.jpg\" \/>\n\n\n\t<img decoding=\"async\" class=\"ms-thumb\" src=\"https:\/\/www.formagrilandes.com\/arboretum\/wp-content\/uploads\/2025\/12\/IMG-20251121-WA0014-1-140x80.jpg\" alt=\"\" \/>\n\t<div class=\"ms-thumb\" ><div class=\"ms-tab-context\"><div class=\"&quot;ms-tab-context&quot;\"><\/div><\/div>\n<\/div>\n\t\t\t\t<\/div>\n\t\t\t\t<div  class=\"ms-slide\" data-delay=\"3\" data-fill-mode=\"fill\"  >\n\t\t\t\t\t<img decoding=\"async\" src=\"https:\/\/www.formagrilandes.com\/arboretum\/wp-content\/plugins\/master-slider\/public\/assets\/css\/blank.gif\" alt=\"\" title=\"\" data-src=\"https:\/\/www.formagrilandes.com\/arboretum\/wp-content\/uploads\/2025\/12\/IMG-20251121-WA0013-1.jpg\" \/>\n\n\n\t<img decoding=\"async\" class=\"ms-thumb\" src=\"https:\/\/www.formagrilandes.com\/arboretum\/wp-content\/uploads\/2025\/12\/IMG-20251121-WA0013-1-140x80.jpg\" alt=\"\" \/>\n\t<div class=\"ms-thumb\" ><div class=\"ms-tab-context\"><div class=\"&quot;ms-tab-context&quot;\"><\/div><\/div>\n<\/div>\n\t\t\t\t<\/div>\n\t\t\t\t<div  class=\"ms-slide\" data-delay=\"3\" data-fill-mode=\"fill\"  >\n\t\t\t\t\t<img decoding=\"async\" src=\"https:\/\/www.formagrilandes.com\/arboretum\/wp-content\/plugins\/master-slider\/public\/assets\/css\/blank.gif\" alt=\"\" title=\"\" data-src=\"https:\/\/www.formagrilandes.com\/arboretum\/wp-content\/uploads\/2025\/12\/IMG-20251121-WA0012-1.jpg\" \/>\n\n\n\t<img decoding=\"async\" class=\"ms-thumb\" src=\"https:\/\/www.formagrilandes.com\/arboretum\/wp-content\/uploads\/2025\/12\/IMG-20251121-WA0012-1-140x80.jpg\" alt=\"\" \/>\n\t<div class=\"ms-thumb\" ><div class=\"ms-tab-context\"><div class=\"&quot;ms-tab-context&quot;\"><\/div><\/div>\n<\/div>\n\t\t\t\t<\/div>\n\t\t\t\t<div  class=\"ms-slide\" data-delay=\"3\" data-fill-mode=\"fill\"  >\n\t\t\t\t\t<img decoding=\"async\" src=\"https:\/\/www.formagrilandes.com\/arboretum\/wp-content\/plugins\/master-slider\/public\/assets\/css\/blank.gif\" alt=\"\" title=\"\" data-src=\"https:\/\/www.formagrilandes.com\/arboretum\/wp-content\/uploads\/2025\/12\/IMG-20251121-WA0011-1.jpg\" \/>\n\n\n\t<img decoding=\"async\" class=\"ms-thumb\" src=\"https:\/\/www.formagrilandes.com\/arboretum\/wp-content\/uploads\/2025\/12\/IMG-20251121-WA0011-1-140x80.jpg\" alt=\"\" \/>\n\t<div class=\"ms-thumb\" ><div class=\"ms-tab-context\"><div class=\"&quot;ms-tab-context&quot;\"><\/div><\/div>\n<\/div>\n\t\t\t\t<\/div>\n\t\t\t\t<div  class=\"ms-slide\" data-delay=\"3\" data-fill-mode=\"fill\"  >\n\t\t\t\t\t<img decoding=\"async\" src=\"https:\/\/www.formagrilandes.com\/arboretum\/wp-content\/plugins\/master-slider\/public\/assets\/css\/blank.gif\" alt=\"\" title=\"\" data-src=\"https:\/\/www.formagrilandes.com\/arboretum\/wp-content\/uploads\/2025\/12\/IMG-20251121-WA0009-1.jpg\" \/>\n\n\n\t<img decoding=\"async\" class=\"ms-thumb\" src=\"https:\/\/www.formagrilandes.com\/arboretum\/wp-content\/uploads\/2025\/12\/IMG-20251121-WA0009-1-140x80.jpg\" alt=\"\" \/>\n\t<div class=\"ms-thumb\" ><div class=\"ms-tab-context\"><div class=\"&quot;ms-tab-context&quot;\"><\/div><\/div>\n<\/div>\n\t\t\t\t<\/div>\n\t\t\t\t<div  class=\"ms-slide\" data-delay=\"3\" data-fill-mode=\"fill\"  >\n\t\t\t\t\t<img decoding=\"async\" src=\"https:\/\/www.formagrilandes.com\/arboretum\/wp-content\/plugins\/master-slider\/public\/assets\/css\/blank.gif\" alt=\"\" title=\"\" data-src=\"https:\/\/www.formagrilandes.com\/arboretum\/wp-content\/uploads\/2025\/12\/IMG-20251121-WA0007-2.jpg\" \/>\n\n\n\t<img decoding=\"async\" class=\"ms-thumb\" src=\"https:\/\/www.formagrilandes.com\/arboretum\/wp-content\/uploads\/2025\/12\/IMG-20251121-WA0007-2-140x80.jpg\" alt=\"\" \/>\n\t<div class=\"ms-thumb\" ><div class=\"ms-tab-context\"><div class=\"&quot;ms-tab-context&quot;\"><\/div><\/div>\n<\/div>\n\t\t\t\t<\/div>\n\t\t\t\t<div  class=\"ms-slide\" data-delay=\"3\" data-fill-mode=\"fill\"  >\n\t\t\t\t\t<img decoding=\"async\" src=\"https:\/\/www.formagrilandes.com\/arboretum\/wp-content\/plugins\/master-slider\/public\/assets\/css\/blank.gif\" alt=\"\" title=\"\" data-src=\"https:\/\/www.formagrilandes.com\/arboretum\/wp-content\/uploads\/2025\/12\/IMG-20251121-WA0006-1.jpg\" \/>\n\n\n\t<img decoding=\"async\" class=\"ms-thumb\" src=\"https:\/\/www.formagrilandes.com\/arboretum\/wp-content\/uploads\/2025\/12\/IMG-20251121-WA0006-1-140x80.jpg\" alt=\"\" \/>\n\t<div class=\"ms-thumb\" ><div class=\"ms-tab-context\"><div class=\"&quot;ms-tab-context&quot;\"><\/div><\/div>\n<\/div>\n\t\t\t\t<\/div>\n\t\t\t\t<div  class=\"ms-slide\" data-delay=\"3\" data-fill-mode=\"fill\"  >\n\t\t\t\t\t<img decoding=\"async\" src=\"https:\/\/www.formagrilandes.com\/arboretum\/wp-content\/plugins\/master-slider\/public\/assets\/css\/blank.gif\" alt=\"\" title=\"\" data-src=\"https:\/\/www.formagrilandes.com\/arboretum\/wp-content\/uploads\/2025\/12\/IMG-20251121-WA0005-1.jpg\" \/>\n\n\n\t<img decoding=\"async\" class=\"ms-thumb\" src=\"https:\/\/www.formagrilandes.com\/arboretum\/wp-content\/uploads\/2025\/12\/IMG-20251121-WA0005-1-140x80.jpg\" alt=\"\" \/>\n\t<div class=\"ms-thumb\" ><div class=\"ms-tab-context\"><div class=\"&quot;ms-tab-context&quot;\"><\/div><\/div>\n<\/div>\n\t\t\t\t<\/div>\n\t\t\t\t<div  class=\"ms-slide\" data-delay=\"3\" data-fill-mode=\"fill\"  >\n\t\t\t\t\t<img decoding=\"async\" src=\"https:\/\/www.formagrilandes.com\/arboretum\/wp-content\/plugins\/master-slider\/public\/assets\/css\/blank.gif\" alt=\"\" title=\"\" data-src=\"https:\/\/www.formagrilandes.com\/arboretum\/wp-content\/uploads\/2025\/12\/20251121_142830.jpg\" \/>\n\n\n\t<img decoding=\"async\" class=\"ms-thumb\" src=\"https:\/\/www.formagrilandes.com\/arboretum\/wp-content\/uploads\/2025\/12\/20251121_142830-140x80.jpg\" alt=\"\" \/>\n\t<div class=\"ms-thumb\" ><div class=\"ms-tab-context\"><div class=\"&quot;ms-tab-context&quot;\"><\/div><\/div>\n<\/div>\n\t\t\t\t<\/div>\n\t\t\t\t<div  class=\"ms-slide\" data-delay=\"3\" data-fill-mode=\"fill\"  >\n\t\t\t\t\t<img decoding=\"async\" src=\"https:\/\/www.formagrilandes.com\/arboretum\/wp-content\/plugins\/master-slider\/public\/assets\/css\/blank.gif\" alt=\"\" title=\"\" data-src=\"https:\/\/www.formagrilandes.com\/arboretum\/wp-content\/uploads\/2025\/12\/20251121_142550.jpg\" \/>\n\n\n\t<img decoding=\"async\" class=\"ms-thumb\" src=\"https:\/\/www.formagrilandes.com\/arboretum\/wp-content\/uploads\/2025\/12\/20251121_142550-140x80.jpg\" alt=\"\" \/>\n\t<div class=\"ms-thumb\" ><div class=\"ms-tab-context\"><div class=\"&quot;ms-tab-context&quot;\"><\/div><\/div>\n<\/div>\n\t\t\t\t<\/div>\n\t\t\t\t<div  class=\"ms-slide\" data-delay=\"3\" data-fill-mode=\"fill\"  >\n\t\t\t\t\t<img decoding=\"async\" src=\"https:\/\/www.formagrilandes.com\/arboretum\/wp-content\/plugins\/master-slider\/public\/assets\/css\/blank.gif\" alt=\"\" title=\"\" data-src=\"https:\/\/www.formagrilandes.com\/arboretum\/wp-content\/uploads\/2025\/12\/20251121_142537.jpg\" \/>\n\n\n\t<img decoding=\"async\" class=\"ms-thumb\" src=\"https:\/\/www.formagrilandes.com\/arboretum\/wp-content\/uploads\/2025\/12\/20251121_142537-140x80.jpg\" alt=\"\" \/>\n\t<div class=\"ms-thumb\" ><div class=\"ms-tab-context\"><div class=\"&quot;ms-tab-context&quot;\"><\/div><\/div>\n<\/div>\n\t\t\t\t<\/div>\n\t\t\t\t<div  class=\"ms-slide\" data-delay=\"3\" data-fill-mode=\"fill\"  >\n\t\t\t\t\t<img decoding=\"async\" src=\"https:\/\/www.formagrilandes.com\/arboretum\/wp-content\/plugins\/master-slider\/public\/assets\/css\/blank.gif\" alt=\"\" title=\"\" data-src=\"https:\/\/www.formagrilandes.com\/arboretum\/wp-content\/uploads\/2025\/12\/20251121_142533.jpg\" \/>\n\n\n\t<img decoding=\"async\" class=\"ms-thumb\" src=\"https:\/\/www.formagrilandes.com\/arboretum\/wp-content\/uploads\/2025\/12\/20251121_142533-140x80.jpg\" alt=\"\" \/>\n\t<div class=\"ms-thumb\" ><div class=\"ms-tab-context\"><div class=\"&quot;ms-tab-context&quot;\"><\/div><\/div>\n<\/div>\n\t\t\t\t<\/div>\n\t\t\t\t<div  class=\"ms-slide\" data-delay=\"3\" data-fill-mode=\"fill\"  >\n\t\t\t\t\t<img decoding=\"async\" src=\"https:\/\/www.formagrilandes.com\/arboretum\/wp-content\/plugins\/master-slider\/public\/assets\/css\/blank.gif\" alt=\"\" title=\"\" data-src=\"https:\/\/www.formagrilandes.com\/arboretum\/wp-content\/uploads\/2025\/12\/20251121_142127.jpg\" \/>\n\n\n\t<img decoding=\"async\" class=\"ms-thumb\" src=\"https:\/\/www.formagrilandes.com\/arboretum\/wp-content\/uploads\/2025\/12\/20251121_142127-140x80.jpg\" alt=\"\" \/>\n\t<div class=\"ms-thumb\" ><div class=\"ms-tab-context\"><div class=\"&quot;ms-tab-context&quot;\"><\/div><\/div>\n<\/div>\n\t\t\t\t<\/div>\n\t\t\t\t<div  class=\"ms-slide\" data-delay=\"3\" data-fill-mode=\"fill\"  >\n\t\t\t\t\t<img decoding=\"async\" src=\"https:\/\/www.formagrilandes.com\/arboretum\/wp-content\/plugins\/master-slider\/public\/assets\/css\/blank.gif\" alt=\"\" title=\"\" data-src=\"https:\/\/www.formagrilandes.com\/arboretum\/wp-content\/uploads\/2025\/12\/20251121_141828.jpg\" \/>\n\n\n\t<img decoding=\"async\" class=\"ms-thumb\" src=\"https:\/\/www.formagrilandes.com\/arboretum\/wp-content\/uploads\/2025\/12\/20251121_141828-140x80.jpg\" alt=\"\" \/>\n\t<div class=\"ms-thumb\" ><div class=\"ms-tab-context\"><div class=\"&quot;ms-tab-context&quot;\"><\/div><\/div>\n<\/div>\n\t\t\t\t<\/div>\n\t\t\t\t<div  class=\"ms-slide\" data-delay=\"3\" data-fill-mode=\"fit\"  >\n\t\t\t\t\t<img decoding=\"async\" src=\"https:\/\/www.formagrilandes.com\/arboretum\/wp-content\/plugins\/master-slider\/public\/assets\/css\/blank.gif\" alt=\"\" title=\"\" data-src=\"https:\/\/www.formagrilandes.com\/arboretum\/wp-content\/uploads\/2025\/12\/20251121_141744.jpg\" \/>\n\n\n\t<img decoding=\"async\" class=\"ms-thumb\" src=\"https:\/\/www.formagrilandes.com\/arboretum\/wp-content\/uploads\/2025\/12\/20251121_141744-140x80.jpg\" alt=\"\" \/>\n\t<div class=\"ms-thumb\" ><div class=\"ms-tab-context\"><div class=\"&quot;ms-tab-context&quot;\"><\/div><\/div>\n<\/div>\n\t\t\t\t<\/div>\n\n\t\t\t<\/div>\n\t\t\t<!-- END MasterSlider Main -->\n\n\t\t\t \n\t\t<\/div>\n\t\t<!-- END MasterSlider -->\n\n\t\t<script>\n\t\t(function ( $ ) {\n\t\t\t\"use strict\";\n\n\t\t\t$(function () {\n\t\t\t\tvar masterslider_3eec = new MasterSlider();\n\n\t\t\t\t\/\/ slider controls\n\t\t\t\tmasterslider_3eec.control('arrows'     ,{ autohide:false, overVideo:true  });\t\t\t\tmasterslider_3eec.control('bullets'    ,{ autohide:false, overVideo:true, dir:'h', align:'bottom' , margin:10  });\n\n\t\t\t\tmasterslider_3eec.control('thumblist'  ,{ autohide:false, overVideo:true, dir:'h', speed:17, inset:false, arrows:false, hover:false, customClass:'', align:'bottom',type:'thumbs', margin:5, width:140, height:80, space:5, fillMode:'fill'  });\n\t\t\t\t\/\/ slider setup\n\t\t\t\tmasterslider_3eec.setup(\"MS69f85ad4c3eec\", {\n\t\t\t\t\t\twidth           : 800,\n\t\t\t\t\t\theight          : 480,\n\t\t\t\t\t\tminHeight       : 0,\n\t\t\t\t\t\tspace           : 0,\n\t\t\t\t\t\tstart           : 1,\n\t\t\t\t\t\tgrabCursor      : true,\n\t\t\t\t\t\tswipe           : true,\n\t\t\t\t\t\tmouse           : true,\n\t\t\t\t\t\tlayout          : \"boxed\",\n\t\t\t\t\t\twheel           : false,\n\t\t\t\t\t\tautoplay        : false,\n\t\t\t\t\t\tinstantStartLayers:false,\n\t\t\t\t\t\tloop            : true,\n\t\t\t\t\t\tshuffle         : false,\n\t\t\t\t\t\tpreload         : 0,\n\t\t\t\t\t\theightLimit     : true,\n\t\t\t\t\t\tautoHeight      : false,\n\t\t\t\t\t\tsmoothHeight    : true,\n\t\t\t\t\t\tendPause        : false,\n\t\t\t\t\t\toverPause       : true,\n\t\t\t\t\t\tfillMode        : \"fill\",\n\t\t\t\t\t\tcenterControls  : true,\n\t\t\t\t\t\tstartOnAppear   : false,\n\t\t\t\t\t\tlayersMode      : \"center\",\n\t\t\t\t\t\thideLayers      : false,\n\t\t\t\t\t\tfullscreenMargin: 0,\n\t\t\t\t\t\tspeed           : 20,\n\t\t\t\t\t\tdir             : \"h\",\n\t\t\t\t\t\tparallaxMode    : 'swipe',\n\t\t\t\t\t\tview            : \"basic\"\n\t\t\t\t});\n\n\t\t\t\t\n\t\t\t\twindow.masterslider_instances = window.masterslider_instances || [];\n\t\t\t\twindow.masterslider_instances.push( masterslider_3eec );\n\t\t\t });\n\n\t\t})(jQuery);\n\t\t<\/script>\n\n\n","protected":false},"excerpt":{"rendered":"<p>L\u2019arboretum du lyc\u00e9e a \u00e9t\u00e9 r\u00e9alis\u00e9 depuis de nombreuses ann\u00e9es mais les arbres remarquables ne sont pas identifi\u00e9s et g\u00e9olocalis\u00e9s.Comme nous l\u2019avons fait pour le Bassecq, le but est de cr\u00e9er un site qui renseigne sur les arbres. Chaque arbre aura un QR Code.Nous travaillerons en collaboration avec les secondes professionnelles du CFAAH sur les [&hellip;]<\/p>\n","protected":false},"author":1,"featured_media":0,"parent":0,"menu_order":0,"comment_status":"closed","ping_status":"closed","template":"","meta":{"footnotes":""},"class_list":["post-65","page","type-page","status-publish","hentry"],"_links":{"self":[{"href":"https:\/\/www.formagrilandes.com\/arboretum\/wp-json\/wp\/v2\/pages\/65","targetHints":{"allow":["GET"]}}],"collection":[{"href":"https:\/\/www.formagrilandes.com\/arboretum\/wp-json\/wp\/v2\/pages"}],"about":[{"href":"https:\/\/www.formagrilandes.com\/arboretum\/wp-json\/wp\/v2\/types\/page"}],"author":[{"embeddable":true,"href":"https:\/\/www.formagrilandes.com\/arboretum\/wp-json\/wp\/v2\/users\/1"}],"replies":[{"embeddable":true,"href":"https:\/\/www.formagrilandes.com\/arboretum\/wp-json\/wp\/v2\/comments?post=65"}],"version-history":[{"count":10,"href":"https:\/\/www.formagrilandes.com\/arboretum\/wp-json\/wp\/v2\/pages\/65\/revisions"}],"predecessor-version":[{"id":295,"href":"https:\/\/www.formagrilandes.com\/arboretum\/wp-json\/wp\/v2\/pages\/65\/revisions\/295"}],"wp:attachment":[{"href":"https:\/\/www.formagrilandes.com\/arboretum\/wp-json\/wp\/v2\/media?parent=65"}],"curies":[{"name":"wp","href":"https:\/\/api.w.org\/{rel}","templated":true}]}}